{"id":107,"date":"2013-01-22T08:56:27","date_gmt":"2013-01-22T08:56:27","guid":{"rendered":"http:\/\/laattapekka.fi\/?page_id=107"},"modified":"2020-12-07T17:43:40","modified_gmt":"2020-12-07T17:43:40","slug":"usein-kysyttya","status":"publish","type":"page","link":"https:\/\/laattapekka.fi\/?page_id=107","title":{"rendered":"Usein kysytty\u00e4"},"content":{"rendered":"<h2><b>Ei kysyv\u00e4 tielt\u00e4 eksy. T\u00e4\u00e4lt\u00e4 l\u00f6yd\u00e4t vastauksen kysymyksiin, jotka yleens\u00e4 aiheuttavat p\u00e4\u00e4nvaivaa remontin alussa.<\/b><\/h2>\n<h3><b>Voiko kotitalousv\u00e4hennyksen k\u00e4ytt\u00e4\u00e4 laatoitusty\u00f6h\u00f6n?<\/b><\/h3>\n<p>Kotitalousv\u00e4hennyksen voit k\u00e4ytt\u00e4\u00e4 kun ostat palveluja kodin tai vapaa-ajan asunnon remontointiin. Voit v\u00e4hent\u00e4\u00e4 osan kunnossapito- ja perusparannusty\u00f6n palkkakuluista verotuksessasi kotitalousv\u00e4hennyksen\u00e4.\u00a0Kotitalousv\u00e4hennykseen oikeuttavaa kunnossapito- ja perusparannusty\u00f6t\u00e4 on muun muassa keitti\u00f6n, kylpyhuoneen tai muiden huoneiden remontointi.<\/p>\n<pre>Kotitalousv\u00e4hennyksen\u00e4 voit v\u00e4hent\u00e4\u00e4 40 prosenttia ennakkoperint\u00e4rekisteriin kuuluvalle yritt\u00e4j\u00e4lle tai yritykselle maksamastasi ty\u00f6korvauksesta. V\u00e4hennyst\u00e4 saa vain ty\u00f6n osuudesta, ei esimerkiksi materiaaleista. Kotitalousv\u00e4hennyksen enimm\u00e4ism\u00e4\u00e4r\u00e4 vuonna 2020 on 2 250 euroa vuodessa. Omavastuu on 100 euroa.<\/pre>\n<p>&#8212;&#8212;&#8212;&#8212;&#8212;&#8212;&#8212;&#8212;&#8212;&#8212;&#8212;&#8212;&#8212;&#8212;&#8212;&#8212;&#8212;&#8212;&#8212;&#8212;&#8212;&#8212;&#8212;&#8212;&#8212;<\/p>\n<h3><b>Mist\u00e4 tiet\u00e4\u00e4, ett\u00e4 laatoittaja on p\u00e4tev\u00e4?<\/b><\/h3>\n<p>Laatoittajalla pit\u00e4\u00e4 olla ajantasainen vesieristyssertifikaatti. LaattaPekalla on.<\/p>\n<h3><b>Saako ty\u00f6lle takuun?<\/b><\/h3>\n<p>Kyll\u00e4 saa. LaattaPekka antaa aina tekem\u00e4lleen ty\u00f6lle takuun.<\/p>\n<h3><b>Maksaako se, jos pyyd\u00e4n LaattaPekan arviointik\u00e4ynnille?<\/b><\/h3>\n<p>Ei maksa. Teen mielell\u00e4ni maksuttoman arvion teht\u00e4v\u00e4st\u00e4 ty\u00f6st\u00e4. Sen pohjalta voit tehd\u00e4 lopullisen p\u00e4\u00e4t\u00f6ksen urakan aloittamisesta.<\/p>\n<p>&#8212;&#8212;&#8212;&#8212;&#8212;&#8212;&#8212;&#8212;&#8212;&#8212;&#8212;&#8212;&#8212;&#8212;&#8212;&#8212;&#8212;&#8212;&#8212;&#8212;&#8212;&#8212;&#8212;&#8212;&#8212;<\/p>\n","protected":false},"excerpt":{"rendered":"<p>Ei kysyv\u00e4 tielt\u00e4 eksy. T\u00e4\u00e4lt\u00e4 l\u00f6yd\u00e4t vastauksen kysymyksiin, jotka yleens\u00e4 aiheuttavat p\u00e4\u00e4nvaivaa remontin alussa. Voiko kotitalousv\u00e4hennyksen k\u00e4ytt\u00e4\u00e4 laatoitusty\u00f6h\u00f6n? Kotitalousv\u00e4hennyksen voit k\u00e4ytt\u00e4\u00e4 kun ostat palveluja kodin tai vapaa-ajan asunnon remontointiin. Voit v\u00e4hent\u00e4\u00e4 osan kunnossapito- ja perusparannusty\u00f6n palkkakuluista verotuksessasi kotitalousv\u00e4hennyksen\u00e4.\u00a0Kotitalousv\u00e4hennykseen oikeuttavaa kunnossapito- ja perusparannusty\u00f6t\u00e4 on muun muassa keitti\u00f6n, kylpyhuoneen tai muiden huoneiden&#8230;<\/p>\n","protected":false},"author":1,"featured_media":0,"parent":0,"menu_order":0,"comment_status":"closed","ping_status":"closed","template":"","meta":[],"_links":{"self":[{"href":"https:\/\/laattapekka.fi\/index.php?rest_route=\/wp\/v2\/pages\/107"}],"collection":[{"href":"https:\/\/laattapekka.fi\/index.php?rest_route=\/wp\/v2\/pages"}],"about":[{"href":"https:\/\/laattapekka.fi\/index.php?rest_route=\/wp\/v2\/types\/page"}],"author":[{"embeddable":true,"href":"https:\/\/laattapekka.fi\/index.php?rest_route=\/wp\/v2\/users\/1"}],"replies":[{"embeddable":true,"href":"https:\/\/laattapekka.fi\/index.php?rest_route=%2Fwp%2Fv2%2Fcomments&post=107"}],"version-history":[{"count":10,"href":"https:\/\/laattapekka.fi\/index.php?rest_route=\/wp\/v2\/pages\/107\/revisions"}],"predecessor-version":[{"id":366,"href":"https:\/\/laattapekka.fi\/index.php?rest_route=\/wp\/v2\/pages\/107\/revisions\/366"}],"wp:attachment":[{"href":"https:\/\/laattapekka.fi\/index.php?rest_route=%2Fwp%2Fv2%2Fmedia&parent=107"}],"curies":[{"name":"wp","href":"https:\/\/api.w.org\/{rel}","templated":true}]}}